 + 3 = -y. Let n(r) = -1 + 1 + 1 + 23*r - 21*r. Determine n(y).
7
Let t(i) be the second derivative of -i**4/12 + i**3/6 + 22*i. What is t(0)?
0
Let u(p) = 4*p - 1. Let l = 31 - 25. Suppose l = -t - 5*t. Calculate u(t).
-5
Suppose 0 = 2*h + 3*h. Let k(g) = g + 9. Determine k(h).
9
Let w be 114/(-81)*3 + (-2)/(-9). Let u(t) = t + 5. Let o(k) = 2*k + 9. Let v(j) = -4*o(j) + 7*u(j). Give v(w).
3
Let l(x) = 2*x + 3. Let p = -29 + 54. Suppose 2*o + p = -5*n - 8, -3*n = -3*o + 3. Give l(n).
-7
Let i(f) be the second derivative of f**4/6 + f**3/6 + f**2/2 + 28*f. What is i(-1)?
2
Let t(h) = -3*h**3 + h**2 + 4*h - 3. Let z = -31 + 33. Give t(z).
-15
Let r(u) = -u - 16. Suppose 21 = -5*z - 24. Calculate r(z).
-7
Let q(o) = -8*o**2 - 2*o - 1. Suppose 3*j - 1 = 5. Suppose -j*l - 1 = -9. Suppose -2*a - l*f - 27 = -9*f, 2*a - 2*f = -12. Give q(a).
-7
Let p be (-4 + 1)/(6/(-8)). Let v(l) = -31 + 69 - 7*l - 32 + l**2. Calculate v(p).
-6
Let l(j) = 4 - 5 - j + 0. Suppose 0 = 3*n - 5*n. Suppose n = 3*p - 0*y + y + 5, 0 = -p - 2*y. Determine l(p).
1
Let t(v) be the second derivative of v**3/6 - 3*v**2/2 + v. Determine t(6).
3
Let q(p) = p**3 - 12*p**2 - 6*p + 9. Let z(v) = -6*v**3 + 62*v**2 + 30*v - 45. Let g(t) = 11*q(t) + 2*z(t). Determine g(-7).
2
Suppose k + k - 10 = 0. Let d(m) = m**3 - 5*m**2 + 2*m - 7. Give d(k).
3
Let z be (-5 + 2)*2/(-2). Let p(g) = g**3 - g**2 - 5*g + 2. Calculate p(z).
5
Let w(n) = -n**3 + 5*n**2 + 6*n - 3. Suppose 2*d = 7*d - 30. What is w(d)?
-3
Suppose 0*l + 54 = -2*l. Let s = l - -22. Let i(z) = z**2 + 4*z - 7. Calculate i(s).
-2
Let h be (-1)/((-1)/(-4))*-2. Let j(l) = l - 6*l + h + l**2 - 2*l**2 - 3. What is j(-6)?
-1
Let j(u) = -u**3 - 8*u**2 - 14*u + 11. Let b be j(-5). Suppose z + 3*z - 12 = 0. Let x(s) = -1 - 5*s**3 + 5*s**2 + 4*s**z + 6*s - 2. Calculate x(b).
-3
Suppose 0 = -4*k - 4 - 0. Let i(j) = -j. Let b(f) = -f**2 - 6*f + 1. Let y(m) = b(m) - 6*i(m). Calculate y(k).
0
Let h(f) = -f**3 + 2*f + 1. Let d be h(-2). Let o be d/15*(-1 + 1). Let z(b) = b**2 + b + 4. Determine z(o).
4
Let x(v) = v**3 + 7*v**2 + v + 3. Suppose -5*y - 3*q - 13 = 22, 0 = 3*q. What is x(y)?
-4
Let l = 14 + -9. Suppose l*f - 71 = -4*c, -f - f = 4*c - 38. Suppose 4*m - f = -3*b - 3, b + 3*m = 1. Let z(n) = -n**3 + 3*n**2 + 5*n - 3. Calculate z(b).
1
Let s(t) = t**2 - t**3 + t**2 - 3*t**2 + 7. What is s(0)?
7
Let j(f) = -2*f - 41. Let w be j(-18). Let h(p) = -2*p + 2. Determine h(w).
12
Let l(z) = 7*z - 3. Let h(g) = 4*g - 5. Let u(m) = -8*m + 11. Let t(a) = -9*h(a) - 4*u(a). Let i(x) = -3*l(x) - 5*t(x). Calculate i(6).
-2
Let o(z) = -z + 9 + z**3 - z**2 + 0*z + 2*z. Let s = 4 + -6. Let u = s - -2. Give o(u).
9
Let w(j) = j**3 - j**2 - j. Suppose 4*z - 3 = 5. Give w(z).
2
Let c be ((-5)/2 - -2)/((-3)/12). Let t(x) = -3*x**2 + 4*x - 3. What is t(c)?
-7
Let z(n) = -n + 1. Suppose -3*o = -4*o - 3. Let w(c) be the third derivative of c**4/12 + 2*c**2. Let q(p) = o*z(p) - 3*w(p). Determine q(-3).
6
Let y = -9 + 7. Let r = y - -5. Let n(s) = -r*s - s - 2*s. What is n(-1)?
6
Let c(b) = -b**3 + 4*b**2 - 3*b + 1. Let x = 30 - 27. Determine c(x).
1
Let v(i) be the first derivative of -i**4/4 + 2*i**3 - 5*i**2/2 + 4*i - 2. Let n be 1/((1 + 2)/15). Determine v(n).
4
Let i(z) be the third derivative of -z**6/120 + z**5/20 + z**4/6 - 2*z**3/3 - z**2. Calculate i(4).
-4
Suppose -3*r + r + 4 = 0. Let y(l) = -7*l**2 + 2 - 3*l + 0 + r + 4*l - l**3. Let j(s) = 2*s**3 + 13*s**2 - 2*s - 8. Let m(u) = 3*j(u) + 5*y(u). Determine m(-3).
8
Let b be 58/18 - (-16)/(-72). Let l = 6 - b. Suppose 4*x = -2*g, l*g - 5*x + 2*x = 9. Let i(v) = -v**3 + v**2 + v + 2. What is i(g)?
0
Let x(p) = p**3 + 7*p**2 + 7*p + 4. Suppose -2*g - 2 - 10 = 0. Determine x(g).
-2
Let u(f) = f**3 - 5*f**2 - 7*f + 5. Suppose -15 - 18 = 3*l. Let z = l + 17. Give u(z).
-1
Let u(d) = d**3 + 3*d**2 + 2*d - 1. Let a be u(-2). Let y(z) = 6*z**3 + z. Calculate y(a).
-7
Let k(j) = j**3 - 7*j**2 + 5*j. Let l = 50 + -44. Calculate k(l).
-6
Let s = 1 - 7. Let n(v) = -v**3 - 7*v**2 + 6*v - 8. Let m(j) = -j**2. Let p(o) = -2*m(o) + n(o). Give p(s).
-8
Let h(j) be the second derivative of -1/6*j**3 + 0 - j - j**2. Suppose 20 = -12*n + 7*n. Give h(n).
2
Let b(r) = r**2 - r - 1. Let w(d) = -3*d**2 + 8*d + 3. Suppose 2*i = -0 - 2. Let g(a) = i*w(a) - 4*b(a). Give g(-3).
4
Let i(z) = -z**3 - 4*z**2 - 4*z - 2. Let g be 2/6*(-5 - 1). What is i(g)?
-2
Let p(f) = f**2 + 1. Suppose -k = 2 - 5. What is p(k)?
10
Let l(i) = 4*i**3 + i**2 - i + 1. Let o(u) = u**3 + 14*u**2 + 14*u + 14. Let v be o(-13). Determine l(v).
5
Suppose 3*x + 6 = 4*p, -p = 5*x + 6 + 4. Suppose -4*s - 9 + 1 = p. Let h(j) be the second derivative of -j**5/20 - j**4/6 + j**2/2 + j. Give h(s).
1
Let b(a) = -12*a - 17. Let t(l) = 6*l + 8. Let g(x) = -6*b(x) - 13*t(x). Determine g(-2).
10
Let b(k) = 5*k**2 + 7 + k**3 - 4 - 9 + 2*k - 3*k. Give b(-5).
-1
Let u(g) = 4*g + 1. Let w(y) = -2*y + 33. Let m be w(17). Determine u(m).
-3
Suppose 6*f = f + 20. Let a(z) be the third derivative of z**4/24 - 7*z**3/6 - 8*z**2. Determine a(f).
-3
Suppose -3*h = -3*x - 6, -3*h + x - 5 + 1 = 0. Let n(t) = t**3 + 3*t**2 + 2*t - 4. What is n(h)?
-10
Suppose 2*n - 16 = 6*n. Let l = 7 + n. Let g(u) = 2*u - 5. Let s(d) = d - 1. Let k(a) = l*s(a) - g(a). Give k(2).
4
Let s(i) = -i**3 - i + 3. Suppose -5*c = -5 - 5. Let k be (0/(-1 - 1))/c. Give s(k).
3
Suppose 5*n + 4*p = 17, -2*n + 1 = -2*p + 5. Let c(a) = -5*a**2 - 1. Give c(n).
-6
Suppose -2*n - 9 = 1, 0 = 4*l - 3*n - 19. Let s(c) = -9*c + 1. Determine s(l).
-8
Let w(a) = -a + 2. Suppose -4*r = -r - 9. Let t = 2 + r. Suppose 0 = o - 2*h, 6 = 2*o - t*h + 4. Calculate w(o).
6
Suppose 2*a - 8 = -g, -3*a + 5*g + 7 = 4*g. Suppose -10 = -a*h - 2*h. Let n(j) = -j**2 + j - 1. Determine n(h).
-3
Let v(w) = w**2 - 9*w - 4. Suppose -5*m = -4*i - 70, 4*m - 5*i = -32 + 97. Determine v(m).
6
Let l(z) be the first derivative of 7/2*z**2 + 1/4*z**4 + 2 - 6*z - 2*z**3. Give l(5).
4
Let s(b) = b - 6. Let z = -10 - -18. Let i be s(z). Let k(h) = -13*h + 20. Let x(u) = 3*u - 5. Let l(v) = i*k(v) + 9*x(v). What is l(0)?
-5
Let b(j) = 8*j**2 - 1. Suppose 6*v - 13 = -1. Suppose -5*n = u - 5*u + 20, 0 = -2*u + 10. Suppose n*l = -2*l + v. Calculate b(l).
7
Let t(y) = 17*y**2 + 4*y - 2. Let s(w) = 9*w**2 + 2*w - 1. Let m(b) = 7*s(b) - 4*t(b). What is m(1)?
-6
Let y(f) = 4*f**2 + f + 1. Suppose -2*s = 3*s + 10. Calculate y(s).
15
Let q(c) = -11 + 4*c - 2*c + 5 + 0*c. Determine q(-5).
-16
Let h be 4/(-18) - (-348)/108. Let v(y) = y - h + 0 + 1 + 0*y. What is v(2)?
0
Let f be 5/((-15)/(-9)) - 3. Suppose -2*n + 7*n + 25 = f. Let c(x) = -x**2 - 3*x + 7. What is c(n)?
-3
Let i(t) = t + 1. Let w(q) = q + 14. Let b be w(-10). Suppose -d - b = d. Let j = -5 - d. Calculate i(j).
-2
Let u(c) = c**3 - 5*c**2 - 6*c + 3. Suppose 2*s - 20 = -2*s. Suppose 5*i - s = 5*a, 12 = 3*a - 3. Calculate u(i).
3
Let m(x) = -1. Suppose 4*p = -5 + 1. Let g(t) = -3*t - 5. Let f(v) = p*g(v) + 3*m(v). Calculate f(2).
8
Suppose 3*o = 3*y - 8*y + 13, -4*o = -2*y. Let v(c) = c**2 - 2*c + 1. Determine v(y).
1
Let m(o) be the first derivative of -1/3*o**3 - 1/24*o**4 + 0*o + 1/2*o**2 - 2. Let s(w) be the second derivative of m(w). Calculate s(5).
-7
Let l = 8 + -4. Let u(v) = -1 - 4 - 3 + 7*v - 2*v**2 + 2. What is u(l)?
-10
Suppose 4*o + o + 4*u = 28, -44 = -4*o + 4*u. Let s(d) = -d**2 + 10*d - 3. Determine s(o).
13
Let z(j) be the second derivative of -6*j + 9/2*j**2 + 0 + 1/3*j**3. Give z(-6).
-3
Let u(m) be the third derivative of -m**4/12 + m**3/2 - 24*m**2. Give u(2).
-1
Let c(v) = 4*v**2 + 6 - 3 + 14*v**3 + 0 - 2*v - 13*v**3. Give c(-4).
11
Let d(f) = -6*f**2 - 2. Let a(o) be the third derivative of o**5/12 - o**4/24 + o**3/6 + 4*o**2. Let x(t) = 5*a(t) + 4*d(t). What is x(4)?
-7
Let p = 4 - -1. Let f(a) = a**2 - 5*a - 2. Calculate f(p).
-2
Let n(h) = -2*h**2 - h**3 - 2 - 6 + 8*h**2 + h + h. Determine n(6).
4
Let o(m) = m**3 + m**2 - m + 8. Let k = 12 + -6. Let u(j) be the second derivative of j**5/20 - 7*j**4/12 + 5*j**3/6 + 3*j**2 - 2*j. Let q be u(k). Give o(q).
8
Suppose -2 = g - 5. Let j(y) = 2*y**2 + 6*y - 4. Let k(d) = d**3 + d - 1. Let s(u) = -j(u) + k(u). Calculate s(g).
-3
Let s(d) = 3*d**2 - 10*d - 11. Suppose -3*j + 4*j - l = -13, 5*l = -2*j + 9. Let p(g) = g**2 - 3*g -